te 3 + 1 + 0 + -2 + -3.
-1
21 + 0 - (13 + -2)
10
What is the value of -7 - (-2 - 7) - 3?
-1
What is -1 + -1 + 0 + 4?
2
4 + (-4 - -4) + (-2 - 2)
0
What is (-4 - (0 - 7)) + 1 + 0?
4
What is (2 - 6) + 11 + -12?
-5
Evaluate 4 + -5 + -7 + 5.
-3
What is the value of -20 + 10 + (-1 - -7)?
-4
Evaluate -3 + 6 + -4 + -3 + 0.
-4
4 + 0 - (16 + -7 + 3)
-8
-24 + 36 + 2 + 0 + -7
7
Calculate -3 + (4 - 3) + 2.
0
What is the value of -1 + -7 + (12 - 10) - -2?
-4
Calculate 1 + -1 - (1 - (3 + -3)).
-1
37 + -40 - (-2 - 0 - 0)
-1
What is the value of 0 + (1 - 5) - -1?
-3
0 - 0 - (3 + 16 + -22)
3
Evaluate 18 + -32 - (-2 + -9).
-3
-1 - (0 - (-5 - -3))
-3
Calculate 2 + -3 + -1 + 5 + -6.
-3
-14 - -6 - (0 + 1 - 4)
-5
Calculate 4 - (-5 + -5 + 12).
2
Calculate 1 + 1 + -4 + 3 + -2.
-1
Evaluate 1 - (3 + 3 + -9).
4
134 + -140 - (-9 - 0)
3
-10 - -10 - (2 - 0)
-2
Evaluate 1 + (-10 + 1 - -6).
-2
Evaluate -5 - (2 - (4 - 2)) - -3.
-2
What is (-5 - -8) + 1 + -4 - 5?
-5
Evaluate 1 - -1 - (4 + -3 + -2).
3
Calculate (-4 - (5 + -10 - -5)) + 3.
-1
Evaluate (-9 - -4) + 2 + -2.
-5
Evaluate 6 - ((-5 - -7) + 7 + 7).
-10
What is the value of -6 - (-7 - (-8 + 6))?
-1
Evaluate -1 + -4 - (-1 - (11 + -6)).
1
What is the value of (-18 - -6) + 6 + 3?
-3
Calculate -5 - 0 - (-29 - -16 - -16).
-8
What is the value of -3 - -1 - 1 - -7?
4
What is 1 - -5 - 4 - (2 + -2)?
2
Calculate -2 - (8 + -6 - (9 + -5)).
0
What is 1 + 2 - (28 - 23)?
-2
Evaluate 2 - 2 - (13 - (-2 - -10)).
-5
Calculate -1 + (-4 - (-3 + -1) - 5).
-6
Calculate 13 - (-4 + 4 + 10).
3
Evaluate -1 + (5 - 2) - (-1 - 2).
5
Calculate 3 - (2 + (4 - -2 - 11)).
6
What is the value of 7 + -5 + 6 - 11?
-3
Calculate 6 + 0 + -7 + 3 - -1.
3
(0 - 8) + 5 + 2
-1
Calculate (0 - -5) + 5 + (-2 - 3).
5
4 + (3 - 4 - -1)
4
Calculate 1 + (2 - 3 - -2) - 1.
1
45 + -48 + (0 - -1 - 1)
-3
Evaluate 12 - (9 + 11 + -11).
3
Evaluate 1 - -6 - 4 - (-28 - -33).
-2
What is (-20 - -13) + (3 - (2 - 2))?
-4
Evaluate (-1 + 6 - 5) + 12 + -21.
-9
What is 10 + -2 + (-6 - -5)?
7
What is -1 + 0 + -2 - (-4 - -7)?
-6
Calculate -4 - (-14 - -4) - 2.
4
Calculate 3 + 5 + (-14 - -1).
-5
Calculate 1 + (-3 + 7 - 8).
-3
Calculate (1 - -5) + (10 + 0 - 9).
7
What is 1 - ((-1 - -3) + -4 - -6)?
-3
Calculate -9 + 7 + -3 + 2.
-3
What is -1 + 0 + -2 + 2 + 3?
2
What is (10 - -2) + -10 + (-1 - -4)?
5
Evaluate 7 + -6 - ((4 - 6) + 1).
2
-5 - (-3 + 5 + -7)
0
Evaluate (3 - (1 - -4)) + (-1 - -1).
-2
Evaluate 7 - 4 - (3 - 0).
0
Calculate (7 + -9 - -7) + -13.
-8
(-2 - 0) + (-25 - -26)
-1
-5 + 12 + -3 + 0 + -3
1
What is the value of -8 - ((11 - 7) + -5)?
-7
Evaluate (-7 - -4) + 1 - (0 - -3).
-5
What is 3 + (-6 + 5 - 0) + 6?
8
Evaluate -3 + (-6 - (-2 + 0)) + 3.
-4
Calculate -3 + 1 + -4 + 0 + 3.
-3
-8 + 8 + (0 - 1)
-1
What is (-6 - 2) + 2 - 2?
-8
Calculate -48 + 37 - (2 - 9).
-4
What is 8 + (6 - 1) + -5?
8
What is the value of -15 + 7 + 5 + 1?
-2
What is the value of (6 - -1 - 3) + -8?
-4
What is the value of 2 - (2 + -3 + -1 + 6)?
-2
What is -3 + 0 - (-19 - -14)?
2
Evaluate 4 + -4 + -6 - -9.
3
0 - (-3 + 3 + 0 + -4)
4
What is (-5 - 2) + 2 + 5?
0
What is the value of -1 + (-1 - (-3 - (-2 - -2)))?
1
What is (-1 - (10 - 4)) + 6 + 6?
5
What is (5 - 2) + (-1 - -1)?
3
What is 5 + 2 + (6 - 19)?
-6
What is the value of 1 - 4 - -3 - (-17 - -13)?
4
Calculate (0 + 1 - (-10 + 16)) + -3.
-8
What is 1 - (-6 - -2 - -2)?
3
10 + 8 + -8 - 3
7
3 + (-9 - (5 + -10) - -3)
2
Evaluate -11 - (7 + -8 + -21).
11
Calculate -1 - 1 - (-31 + 23).
6
What is the value of -4 - (-4 - -1) - 2?
-3
Calculate 5 + (-16 - -14) - (1 - -7).
-5
Evaluate -2 + (-2 - -8) - (-5 - -8).
1
What is the value of 0 - (1 - (2 + 1)) - 5?
-3
What is the value of 1 + -7 + 2 - (3 + -5)?
-2
What is the value of -1 + (2 - (-3 + 6 + 0))?
-2
Evaluate -1 + 4 + 2 - (2 + -2).
5
What is the value of -3 - ((3 - 2) + 4 + -4)?
-4
Calculate 5 + -4 + -2 + 3.
2
What is the value of (1 - 4) + (2 - 3) + 0?
-4
Calculate (-16 - -9) + (1 - -2).
-4
(0 - -1) + -2 + -3
-4
What is the value of 5 - 7 - 0 - -11?
9
What is the value of -2 + (-1 - ((6 - 9) + 4))?
-4
Calculate 7 + (1 + -4 - 0).
4
What is 7 + -8 + 0 + 4?
3
What is -6 + (3 - -6 - (-6 + 6))?
3
Calculate -1 - 2 - (1 - 5).
1
-6 + (2 + 6 - -5)
7
What is -5 - -2 - (-4 + 0)?
1
What is -2 + 3 + 0 - 1 - -3?
3
Evaluate 6 - ((-5 - -9) + -8) - 5.
5
What is the value of -6 + 16 - (12 - -4)?
-6
Evaluate 15 + -20 + -2 + 0 + 5.
-2
What is the value of (1 - 3) + -9 + 11?
0
Evaluate (-3 - -5 - 7 - 3) + 4.
-4
What is the value of -21 - -15 - (-9 - -1)?
2
What is -2 + 1 + (8 - 3)?
4
Evaluate -7 + (0 - -3) + -5.
-9
What is -1 + 4 - ((8 - 4) + 4)?
-5
Calculate (-9 - -15) + (5 - (6 - 4)).
9
What is -1 + 10 - ((0 - -13) + -8)?
4
What is 4 + 8 + -3 + -14?
-5
Evaluate -4 + -2 - (12 + -18).
0
What is the value of (-4 - (-5 - 6)) + (1 - 11)?
-3
Evaluate (7 - (8 - -3)) + -1.
-5
4 + (-5 - -5) + -1 + -1
2
What is the value of 28 + -26 + 2 + -1?
3
Evaluate (-1 - (4 + 3)) + 13.
5
What is the value of 1 + 3 + -5 + -1 - 1?
-3
Calculate -1 + (0 - 4) - (-20 - -23).
-8
What is -2 - (5 - -1) - -3?
-5
Calculate -11 + 2 + 11 + -1 + -5.
-4
0 - 1 - (5 + -10 + 8)
-4
Evaluate -5 - ((-4 - -5) + -3).
-3
What is (-1 - 3) + 19 + -21?
-6
-8 - (-3 + -2) - (1 - 3)
-1
Evaluate 5 + 0 + -2 - (-2 + 6).
-1
What is the value of 2 + (-5 - 4) + 3?
-4
What is the value of -4 + 2 + 8 + -6 - 2?
-2
1 + (4 - 9) - -6
2
(-2 - -2 - 0) + 0
0
Calculate (3 - (0 - 0)) + (112 - 114).
1
What is 0 - (-6 - 5 - -6)?
5
What is the value of 1 - (-3 + 5 - 3)?
2
Calculate -11 + (-8 - (-17 + 0)).
-2
Evaluate 12 + -1 + (68 - 76).
3
Evaluate 3 + (-9 - 3) + (3 - -1).
-5
What is -2 + (1 - 0) - 0?
-1
What is 3 - -3 - (-1 - -5)?
2
What is 4 + 0 - (0 + -1 + 2)?
3
What is the value of -7 + -3 + -4 + 7 + 2?
-5
Calculate -6 + -1 + (64 - 53).
4
What is the value of (4 + 6 - 14) + -4?
-8
Calculate (0 - -1) + 1 + 22 + -23.
1
Evaluate (-3 - 1) + -1 - (20 + -22).
-3
What is (3 - (9 - -1)) + 4 + 5?
2
What is (-3 - (-4 + (5 - 3))) + 0?
-1
Calculate 1 + 0 - ((1 - -7) + -9).
2
Calculate 2 + 1 + -2 + 0 + 3.
4
Calculate 5 + -1 + 0 - (-57 + 56).
5
What is the value of -5 - (-11 + 3 + -6 + 8)?
1
Evaluate 10 + -3 - 9 - (-3 - -2).
-1
(11 - 12) + -1 + -1
-3
Calculate -5 + 2 - ((2 - -1) + -2).
-4
3 + (4 + -1 - (7 - -2))
-3
What is the value of -9 + -5 + -1 + 8?
-7
Evaluate 19 + -3 - (-16 + 26).
6
Calculate -1 - -4 - ((3 - 9) + 13).
-4
11 - (-10 - 3 - -26)
-2
What is the value of -3 + 3 + 7 + -2?
5
What is the value of -7 - -8 - 9 - -4?
-4
Calculate -9 + -5 + 11 + 3.
0
What is (1 - 0) + -6 + 12 + -12?
-5
What is the value of -7 + (-1 - -4 - -6)?
2
What is the value of -5 + -1 + 2 + -5 + 3?
-6
Evaluate 5 + -6 + -7 + 2.
-6
What is 8 + -8 + 4 + (3 - 5)?
2
Calculate 14 - 12 - (4 - -1).
-3
Calculate 8 + (7 - (9 - -5)).
1
(-4 - (-9 + 5)) + (4 - 2)
2
What is the value of (12 - 11 - 4) + -3?
-6
What is (17 - 16) + (-10 - -4)?
-5
What is 41 + -56 + (8 - -3)?
-4
What is the value of -2 + -4 + 16 + -8?
2
Evaluate -3 + 8 + -1 + -6 - -4.
2
What is the value of 0 - 3 - (-11 - -7)?
1
12 + (-9 - 2) - -5
6
Calculate -1 + (-2 - (5 + -7)) + 4.
3
What is the value of (-2 - -9 - (-3 - -3)) + -3?
4
Evaluate -2 + (8 - (3 + (1 - 0))).
2
Evaluate -1 + 5 + -4 + 0 + 4.
4
Evaluate -16 + 25 + (1 - 0) + -5.
5
What is the value of 13 + (6 - 13) + (1 - 2)?
5
What is the value of (-3 - (2 - 1)) + (10 - 10)?
-4
4 + -6 + -8 + 11
1
What is the value of 2 + 0 - ((-5 - -5) + -6)?
8
Calculate (5 - 1) + -3 - -4.
5
What is -15 + 7 - (-13 - -3)?
2
What is the value of -1 + 0 + (-6 - -4) + 5?
2
Calculate (1 - (-1 - 1)) + 4.
7
Calculate -1 + 19 + (-75 - -63).
6
Evaluate (4 - (-2 + 11)) + 11.
6
What is -2 + -1 + 6 + -2?
1
Evaluate 21 + (-17 - -10) + -24.
-10
Evaluate 16 - (16 + -3 + -2).
5
What is (8 + -7 - 2) + 5?
4
Evaluate 6 + (4 - 15 - -3).
-2
(-1 - -6) + -4 + (-2 - 3)
-4
What is 0 + 2 - (-24 + 21)?
5
Calculate (-1 - -4 - 2) + 3 + 2.
6
Calculate -1 + -4 + 6 + -6.
-5
(13 - 10) + -1 + -5 + 3
0
What is the value of 4 - (3 + 0) - (2 - 2)?
1
1 - 8 - (-10 + 8)
-5
Calculate -6 + 23 + -6 + 1 + -6.
6
Calculate (2 - -1) + (40 - 49).
-6
Evaluate -3 + 2 - (-8 + 4 + 1).
2
What is the value of -2 + (1 - -1) - (0 - 1)?
1
Evaluate 10 + 4 + (7 - 15).
6
-2 + -2 - (4 + (6 - 8))
-6
What is (-2 - 2 - -2) + -3 - 0?
-5
What is 2 + (1 + 5 - 3) - 7?
-2
What is the value of 3 - 8 - -5 - (5 - 2)?
-3
